
Let b(m) = m + 2445*m**3 - 2446*m**3 + m + 5*m**2 + 11 - 27. Calculate b(5).
-6
Suppose 0 = 5*d + 2*t - 3, 44 = 5*d - t + 53. Let u(o) = 47*o**2 - 2*o + 5. Let b(h) = 23*h**2 - h + 2. Let j(m) = -5*b(m) + 2*u(m). Determine j(d).
-22
Suppose 0 = 3*o - 5*o + 6. Suppose -k + 7 = -5*f, 0 = 2*k - 5*f - 0*f - 4. Let b = o - k. Let m(y) = -y**2 + 7*y - 9. Determine m(b).
-3
Let j = -77 + 80. Let n(c) = 3*c + 2. Let r(v) = -v - 1. Let w(g) = -4*n(g) - 11*r(g). Calculate w(j).
0
Let i(b) be the third derivative of -b**7/2520 + b**6/90 - b**5/40 - 3*b**4/8 - 13*b**2. Let t(a) be the second derivative of i(a). Give t(6).
9
Let f be (-384)/6400*(-4)/(-3) + 296/(-50). Let k(a) be the third derivative of -a**6/120 - a**5/10 + 4*a**3/3 + a**2. Give k(f).
8
Suppose -l = y - 18, -5*l + 3*y + 72 = -l. Let m be (l/5)/1 + (-58)/(-145). Let b(d) = -d**2 + 5*d - 1. What is b(m)?
3
Let d(x) = -11497*x + 13 + x**2 + 11488*x + 2. Give d(7).
1
Let q(v) = -8*v + v**2 + 6 + 5*v - 4. Give q(-3).
20
Let u(r) be the second derivative of r**5/20 + r**4/2 + r**3/2 - r**2 + 5*r + 1. Calculate u(-3).
16
Suppose -5*h - 3*q - 29 = 0, -3 = h + q + 2. Let k be h/7 - 13*-1. Let u(v) = 3*v - 4*v - 1 - k + 10. Give u(-4).
1
Let g(c) = c**2 + 5*c + 6. Suppose -t + 3*f - 4 = 10, 6 = -3*t - 3*f. What is g(t)?
6
Let j be ((-14)/28)/(1/16). Let r = j - -3. Let p(x) = 2*x**2 - 8*x + 1. Let f(z) = z**2 - z. Let b(w) = -3*f(w) + p(w). What is b(r)?
1
Let s(z) = -z**3 - 7*z**2 - 9*z + 10. Let p be s(-5). Let f be ((-104)/(-60) - 2/6)*p. Let g(x) = x. What is g(f)?
7
Let m(n) = -n**3 + 6*n**2 - 3*n - 3. Let l be -5*5/(10/(-12)). Let p(t) = 7*t + 24. Let u be p(-7). Let s = u + l. Calculate m(s).
7
Let j(y) = -24*y**2 + 5*y + 2. Let p(r) = 35*r**2 - 7*r - 3. Let z(x) = 7*j(x) + 5*p(x). Determine z(-1).
6
Suppose -1 = -3*a + 11. Suppose -y + 3 = a. Let l(u) = -13*u**3 - 2*u**2 - u. Calculate l(y).
12
Let b(d) = 105*d**2 + 96*d**2 - d**3 + 106*d**2 - 301*d**2 - 4 - 4*d. What is b(6)?
-28
Let p(h) = h**3 + 7*h**2 - 4*h - 7. Let l = 611 - 618. Calculate p(l).
21
Let t(u) = u**2 + 20*u + 40. Let p = -2208 + 2190. Give t(p).
4
Let g(b) be the second derivative of 30*b - 4/3*b**3 + 1/2*b**2 + 0. What is g(-1)?
9
Let i be (-1)/4 - 9/(-4). Let p(j) be the first derivative of j**2/2 - j + 118. What is p(i)?
1
Let v(o) = o - 8. Let k = 11 + -6. Let d = k - -2. Determine v(d).
-1
Suppose 0 = -3*h - 4*n + 11 + 18, -2*n + 19 = 3*h. Let x = h + -9. Let t(s) = 8*s - 18*s - 2 + 4*s + 5*s. Calculate t(x).
4
Let m(f) be the second derivative of -f**3/3 + 5*f**2/2 + 27*f. Give m(8).
-11
Let r(t) = 2*t**3 - 99*t**2 + 51*t - 103. Let b be r(49). Let j(i) = 6*i + 6. What is j(b)?
-24
Let x(q) = -q**3 + 7*q**2 - 2*q + 13. Suppose -3*i = 12*o - 14*o + 11, 4 = 4*i. What is x(o)?
-1
Let h = 64 - 58. Let z(w) = -23*w + h - 8 + 20*w. Let n = -8 + 6. Determine z(n).
4
Let f(m) = -1. Let k(j) = j - 1. Let r(a) = 2*f(a) - k(a). Determine r(7).
-8
Let p(r) = -r**3 - 6*r**2 + 5*r + 2. Let y(c) = -c**2 + 2*c + 9. Let s be y(-3). Give p(s).
-28
Suppose s = 6*s + 4*g - 3, 0 = 4*s - 5*g - 27. Let o(w) = -w**3 + w**2 + 4*w - 3. Determine o(s).
-9
Suppose 0*c = -4*c - 4. Let b be 3*2*c/(-1). Let q(t) = -t**3 + 7*t**2 - 3*t - 8. Determine q(b).
10
Let k(g) = g + 2. Let p(m) = 1. Let t(c) = -2*c**2 - 4*c + 1. Let v be t(-2). Let z(w) = v*k(w) + p(w). Let o = -7 + 11. What is z(o)?
7
Let a(p) = 430*p**2 + 3*p + 16 - 2*p + 428*p**2 - 857*p**2. What is a(0)?
16
Let l(d) = -d**3 + 15*d**2 + 16*d + 13. Suppose 2*u + 2*i - 22 = 0, -19*i = 3*u - 14*i - 23. Determine l(u).
13
Let m(z) be the first derivative of z**5/40 + z**4/6 - 4*z**3/3 + 3. Let q(u) be the third derivative of m(u). Give q(-6).
-14
Let c(d) be the first derivative of 4*d + 1/4*d**4 + 5/2*d**2 - 5/3*d**3 - 1. Let l be 5 + 3 + 5 + -9. Give c(l).
8
Let y be ((-4)/6)/(2/(-15)). Suppose a = y*a + 16. Let t(v) be the first derivative of v**2/2 + 5*v + 7. Calculate t(a).
1
Let l(a) = 35*a - 2. Let x be l(1). Let u(c) = -4 - x*c**2 - c + 0*c**3 - c**3 + 20 + 34*c**2. Determine u(0).
16
Let s(y) = y**3 + 21*y**2 + 5. Suppose -3*h - 4*o = 83, -4*h = -3*o + 6*o + 99. What is s(h)?
5
Let t(i) = -2*i - 10. Let f(s) = 1. Let z(v) = 2*f(v) + t(v). Let a be z(-6). Let g(k) be the third derivative of -k**4/8 + k**3/6 - 26*k**2. Calculate g(a).
-11
Let j(z) = -11*z**2. Suppose -26*x + 29*x = 9. Suppose -3*s - 4*y = -15, 2*y - 9 = -x*s - 0. Calculate j(s).
-11
Let u(d) = 47*d**2 + 23*d - 20. Let g(o) = 16*o**2 + 8*o - 7. Let q(j) = -17*g(j) + 6*u(j). Let v = 6 + -1. Suppose 4 = -b + v. Determine q(b).
11
Let c(r) = -r**3 + r - 8. Let f(o) = 3*o**3 - 3*o + 22. Let x(v) = 11*c(v) + 4*f(v). Determine x(1).
0
Let p(u) = -7*u - 7. Suppose -6*c + 10*c = -24. Let o(g) = 6*g + 6. Let y(i) = c*o(i) - 5*p(i). Determine y(-2).
1
Let l(d) = d**2 + 3*d. Let f = 18 + -6. Suppose 0 = 4*g - 5*k - 3, g = k + 4*k + f. What is l(g)?
0
Let s(o) = o**2 + 2*o + 2. Let k be (-5 + (-2)/((-60)/162))*-15. Determine s(k).
26
Let c(x) = 2*x + 8. Let i(b) = -4*b - 6. Let z(a) = -2*c(a) - 3*i(a). Calculate z(3).
26
Let b(k) = -2*k**2 + k + 1. Let i be b(-1). Let d(p) = -p + 176 - 56 - 63 - 56 + p**2. Determine d(i).
7
Let f(g) = 8*g**2 + g. Let z be 20/(-6)*(-114)/95. Suppose 0 = -i - 3*h - z, -5*i - 4 - 5 = 4*h. Calculate f(i).
7
Let l(k) = 13 + 47*k**2 + 46*k**2 + 5*k + 4*k - 92*k**2. Determine l(-6).
-5
Let h(b) = -35*b**3 + 20*b**2 - 18*b - 1. Let s(k) = -13*k**3 + 7*k**2 - 7*k. Let f(r) = 3*h(r) - 8*s(r). Determine f(5).
-18
Let t(m) = -m**3 + 8*m**2 - 7*m - 4. Let q(r) = r + 20. Let f be q(-13). Calculate t(f).
-4
Let l(p) = -9*p**2 - 3*p + 20. Let s be 51/(-34)*28/6. Let u(d) = -5*d**2 - d + 10. Let y(f) = s*u(f) + 4*l(f). What is y(-7)?
-4
Let l(f) = -f**3 + 4*f**2 - 3*f - 2. Let i = -3 + 8. Suppose -4 = -3*w + i. Determine l(w).
-2
Let u(a) be the second derivative of 1/60*a**5 - 4*a - 2/3*a**3 + 1/2*a**2 + 0 + 1/12*a**4. Let b(i) be the first derivative of u(i). What is b(-3)?
-1
Let i(r) = -3*r**3 - 2*r**2 + 2*r + 17. Let l(p) = -13*p**3 - 9*p**2 + 9*p + 68. Let y(w) = -9*i(w) + 2*l(w). Determine y(0).
-17
Let u = -24 + 30. Let h(x) = 8*x**2 - 9*x + 2. Let f(j) = j**2 + 1 + 0*j**2 + 0*j**2 - j. Let r(t) = u*f(t) - h(t). Calculate r(3).
-5
Let y(l) = 26*l - 1. Let q = 61 + -62. Calculate y(q).
-27
Let b(v) = -16*v + 1271 - 2550 + 1279. Give b(1).
-16
Let f(a) = 4*a**2 - a - 14. Let m(w) = 3*w**2 - 2*w - 12. Let i(n) = -4*f(n) + 5*m(n). Give i(-4).
4
Let p(b) = -12*b**2 - 3*b + 1. Let i(n) = 10*n**2 + 2*n - 1. Let a(w) = 5*i(w) + 4*p(w). Suppose -z = 2*z - 21. Let o = z + -5. What is a(o)?
3
Let u = 8 - 12. Let y(k) = -7*k**3 - k**2 - 3*k + 8. Let q(o) = -12*o**3 - 3*o**2 - 5*o + 15. Let i(z) = -3*q(z) + 5*y(z). What is i(u)?
-5
Let g(y) be the second derivative of -y**3/3 - 3*y**2 - 12*y + 3. Let l be (4/(-12))/(2/(-66)). Let f = 6 - l. What is g(f)?
4
Suppose 3*g - 12 = -3*o, -3 = -o - 0. Let b(y) = -12*y**3 + y**2. Give b(g).
-11
Let o = 8 - 17. Let w(p) = 7*p + 31. Let h(m) = 4*m + 16. Let y(v) = -5*h(v) + 3*w(v). Calculate y(o).
4
Let i = 298 - 305. Let x(r) = -3*r - 10. Determine x(i).
11
Let g(i) = -6*i + 10. Let r = -121 - -116. Let y(x) = x. Let v(t) = r*y(t) - g(t). Calculate v(7).
-3
Let k(b) be the third derivative of -b**5/30 + 19*b**4/12 - 19*b**3/3 + 730*b**2. What is k(18)?
-2
Let h(l) = 2*l**3 + 21*l**2 + 13*l + 19. Let d be h(-10). Let u(m) = m**3 + 10*m**2 - 14*m - 4. Determine u(d).
29
Let k be 1092/210 - 1/5. Suppose -w = 3*g - 11, 3*w - g = 4*w - k. Let y(u) = 2*u**3 - 3 - 4*u**2 + u**3 - 2*u**3 + 2*u. Determine y(w).
-7
Let r(w) = w**2 - 2*w + 4. Let z be (27/(-12))/(21/(-28)). Determine r(z).
7
Let b(i) = -i. Let o(t) = t**2 - 4*t + 6. Let r be (6/(-9))/(14/21). Let s(l) = r*o(l) + 4*b(l). Let a be (-1)/4 - 1/(-4). Determine s(a).
-6
Suppose -5*h = 3*q + 15 + 4, -q + 7 = -h. Let k(j) = 0*j + 4*j + 3*j - q + 7*j**2 - 50*j**3 + 51*j**3. Calculate k(-6).
-8
Let s(o) = 11*o**2 + 4*o + 11. Let d(k) = 13*k**2 + 4*k + 12. Let x(u) = -5*d(u) + 6*s(u). Determine x(-6).
18
Let j(t) = -2*t + 14. Let c be j(6). Suppose m - 11 = -3*z, -4*m = -c*m - z + 13. Let l(k) = -2*k**2 - 2*k - 1. What is l(m)?
-25
Let v(x) = 3*x - 4. Let z be v(3). Let a(k) = k**2 + 28 - 15 + k - 10 - 8*k. Calculate a(z).
-7
